{"id":41,"date":"2021-02-26T08:51:56","date_gmt":"2021-02-26T07:51:56","guid":{"rendered":"http:\/\/s825862293.onlinehome.fr\/?page_id=41"},"modified":"2024-04-15T12:09:10","modified_gmt":"2024-04-15T10:09:10","slug":"boca-elevage-service","status":"publish","type":"page","link":"https:\/\/boca-elevage.fr\/","title":{"rendered":"Accueil"},"content":{"rendered":"\n<div class=\"wp-block-cover alignfull is-light\" style=\"min-height:385px;aspect-ratio:unset;\"><span aria-hidden=\"true\" class=\"wp-block-cover__background has-background-dim-10 has-background-dim\" style=\"background-color:#737373\"><\/span><img loading=\"lazy\" decoding=\"async\" width=\"2560\" height=\"1920\" class=\"wp-block-cover__image-background wp-image-322\" alt=\"L'agence BOCA ELEVAGE SERVICE situ\u00e9e \u00e0 Villers-Bocage.\" src=\"http:\/\/s825862293.onlinehome.fr\/wp-content\/uploads\/2021\/03\/entree-scaled.jpg\" style=\"object-position:49% 41%\" data-object-fit=\"cover\" data-object-position=\"49% 41%\" srcset=\"https:\/\/boca-elevage.fr\/wp-content\/uploads\/2021\/03\/entree-scaled.jpg 2560w, https:\/\/boca-elevage.fr\/wp-content\/uploads\/2021\/03\/entree-300x225.jpg 300w, https:\/\/boca-elevage.fr\/wp-content\/uploads\/2021\/03\/entree-1024x768.jpg 1024w, https:\/\/boca-elevage.fr\/wp-content\/uploads\/2021\/03\/entree-768x576.jpg 768w, https:\/\/boca-elevage.fr\/wp-content\/uploads\/2021\/03\/entree-1536x1152.jpg 1536w, https:\/\/boca-elevage.fr\/wp-content\/uploads\/2021\/03\/entree-2048x1536.jpg 2048w\" sizes=\"auto, (max-width: 2560px) 100vw, 2560px\" \/><div class=\"wp-block-cover__inner-container is-layout-flow wp-block-cover-is-layout-flow\">\n<div class=\"wp-block-columns is-layout-flex wp-container-core-columns-is-layout-9d6595d7 wp-block-columns-is-layout-flex\">\n<div class=\"wp-block-column is-layout-flow wp-block-column-is-layout-flow\" style=\"flex-basis:100%\">\n<h2 class=\"wp-block-heading has-neve-text-color-color has-text-color\">Votre Concessionnaire DeLaval<\/h2>\n<\/div>\n<\/div>\n\n\n\n<div class=\"wp-block-buttons is-horizontal is-content-justification-center is-layout-flex wp-container-core-buttons-is-layout-499968f5 wp-block-buttons-is-layout-flex\">\n<div class=\"wp-block-button is-style-primary\"><a class=\"wp-block-button__link wp-element-button\" href=\"http:\/\/s825862293.onlinehome.fr\/?page_id=44\">Pr\u00e9sentation<\/a><\/div>\n\n\n\n<div class=\"wp-block-button is-style-secondary\"><a class=\"wp-block-button__link has-background wp-element-button\" href=\"http:\/\/s825862293.onlinehome.fr\/?page_id=80\" style=\"background-color:#141e7f\">Notre M\u00c9TIER <\/a><\/div>\n\n\n\n<div class=\"wp-block-button is-style-secondary\"><a class=\"wp-block-button__link wp-element-button\" href=\"https:\/\/www.facebook.com\/BOCAElevageService\/\" target=\"_blank\" rel=\"noreferrer noopener\">Actualit\u00e9 <\/a><\/div>\n<\/div>\n<\/div><\/div>\n\n\n\n<div class=\"wp-block-cover alignfull is-light\" style=\"min-height:663px;aspect-ratio:unset;\"><span aria-hidden=\"true\" class=\"wp-block-cover__background has-nv-text-dark-bg-background-color has-background-dim-100 has-background-dim\"><\/span><div class=\"wp-block-cover__inner-container is-layout-flow wp-block-cover-is-layout-flow\">\n<div class=\"wp-block-columns has-large-font-size is-layout-flex wp-container-core-columns-is-layout-9d6595d7 wp-block-columns-is-layout-flex\">\n<div class=\"wp-block-column is-vertically-aligned-center is-layout-flow wp-block-column-is-layout-flow\" style=\"flex-basis:50%\">\n<iframe src=\"https:\/\/www.google.com\/maps\/embed?pb=!1m18!1m12!1m3!1d1117.7628314906535!2d-0.6415203467893054!3d49.08126631383952!2m3!1f0!2f0!3f0!3m2!1i1024!2i768!4f13.1!3m3!1m2!1s0x480a35be502cd759%3A0xc63dd1734b724501!2sSas%20Boca%20Elevage%20Service!5e0!3m2!1sfr!2sfr!4v1713175716440!5m2!1sfr!2sfr\" width=\"600\" height=\"450\" style=\"border:0;\" allowfullscreen=\"\" loading=\"lazy\" referrerpolicy=\"no-referrer-when-downgrade\"><\/iframe>\n\n\n\n<iframe src=\"https:\/\/www.google.com\/maps\/embed?pb=!1m18!1m12!1m3!1d1315.1888886704037!2d-0.736100461306815!3d48.755581592829614!2m3!1f0!2f0!3f0!3m2!1i1024!2i768!4f13.1!3m3!1m2!1s0x480bd5ac9f340281%3A0x20e1195136f677a5!2s825-845%20Le%20Pont%20Notre%20Dame%2C%2061800%20Tinchebray-Bocage!5e0!3m2!1sfr!2sfr!4v1713174987191!5m2!1sfr!2sfr\" width=\"600\" height=\"450\" style=\"border:0;\" allowfullscreen=\"\" loading=\"lazy\" referrerpolicy=\"no-referrer-when-downgrade\"><\/iframe>\n<\/div>\n\n\n\n<div class=\"wp-block-column is-vertically-aligned-center is-layout-flow wp-block-column-is-layout-flow\" style=\"flex-basis:33.33%\">\n<p class=\"has-text-align-center has-text-color\" style=\"color:#353535;font-size:19px\">Concessionnaire <a data-type=\"URL\" data-id=\"https:\/\/www.delaval.com\/fr-fr\/\" href=\"https:\/\/www.delaval.com\/fr-fr\/\" target=\"_blank\" rel=\"noreferrer noopener\"><mark style=\"background-color:rgba(0, 0, 0, 0)\" class=\"has-inline-color has-neve-link-hover-color-color\">DeLaval<\/mark><\/a> et fournisseur de mat\u00e9riel d&rsquo;\u00e9levage.<\/p>\n\n\n\n<hr class=\"wp-block-separator has-text-color has-css-opacity has-background is-style-wide\" style=\"background-color:#353535;color:#353535\"\/>\n\n\n\n<p class=\"has-text-align-center has-text-color\" style=\"color:#353535;font-size:25px\">Nous accompagnons les \u00e9leveurs sur toutes les phases de leurs projets.<\/p>\n\n\n\n<hr class=\"wp-block-separator has-text-color has-css-opacity has-background is-style-wide\" style=\"background-color:#353535;color:#353535\"\/>\n\n\n\n<p class=\"has-text-align-center has-text-color\" style=\"color:#353535;font-size:19px\">Gr\u00e2ce \u00e0 nos \u00e9quipes techniques certifi\u00e9es et sp\u00e9cialis\u00e9es dans chaque domaines.<\/p>\n<\/div>\n<\/div>\n<\/div><\/div>\n\n\n\n<div class=\"wp-block-columns is-layout-flex wp-container-core-columns-is-layout-9d6595d7 wp-block-columns-is-layout-flex\">\n<div class=\"wp-block-column is-layout-flow wp-block-column-is-layout-flow\">\n<figure class=\"wp-block-embed is-type-video is-provider-youtube wp-block-embed-youtube wp-embed-aspect-16-9 wp-has-aspect-ratio\"><div class=\"wp-block-embed__wrapper\">\n<div class=\"nv-iframe-embed\"><iframe loading=\"lazy\" title=\"Ferme Ouverte GAEC de la Pihanni\u00e8re,16\/11\/21, Blue Farm Delaval\" width=\"1200\" height=\"675\" src=\"https:\/\/www.youtube.com\/embed\/pG91Wk4LpAc?feature=oembed\" frameborder=\"0\" allow=\"accelerometer; autoplay; clipboard-write; encrypted-media; gyroscope; picture-in-picture; web-share\" referrerpolicy=\"strict-origin-when-cross-origin\" allowfullscreen><\/iframe><\/div>\n<\/div><\/figure>\n<\/div>\n\n\n\n<div class=\"wp-block-column is-layout-flow wp-block-column-is-layout-flow\">\n<figure class=\"wp-block-embed is-type-video is-provider-youtube wp-block-embed-youtube wp-embed-aspect-16-9 wp-has-aspect-ratio\"><div class=\"wp-block-embed__wrapper\">\n<div class=\"nv-iframe-embed\"><iframe loading=\"lazy\" title=\"DeLaval robot de traite VMS\u2122V310 t\u00e9moignage de  Tanguy Bidaud\" width=\"1200\" height=\"675\" src=\"https:\/\/www.youtube.com\/embed\/f1NN_g9OQ4s?feature=oembed\" frameborder=\"0\" allow=\"accelerometer; autoplay; clipboard-write; encrypted-media; gyroscope; picture-in-picture; web-share\" referrerpolicy=\"strict-origin-when-cross-origin\" allowfullscreen><\/iframe><\/div>\n<\/div><\/figure>\n<\/div>\n<\/div>\n\n\n\n<p class=\"has-neve-link-hover-color-color has-text-color\">.<\/p>\n\n\n\n<div class=\"wp-block-cover alignfull is-light\" style=\"min-height:387px;aspect-ratio:unset;\"><span aria-hidden=\"true\" class=\"wp-block-cover__background has-neve-text-color-background-color has-background-dim-100 has-background-dim\"><\/span><div class=\"wp-block-cover__inner-container is-layout-flow wp-block-cover-is-layout-flow\">\n<p class=\"has-neve-link-hover-color-color has-text-color has-large-font-size\"><a href=\"http:\/\/s825862293.onlinehome.fr\/?page_id=45\" data-type=\"page\" data-id=\"45\">Nos Partenaires :<\/a><\/p>\n\n\n\n\t\t<!-- MasterSlider -->\n\t\t<div id=\"P_MS69d6981dde445\" class=\"master-slider-parent msl ms-parent-id-2\" style=\"max-width:3000px;\">\n\n\t\t\t\n\t\t\t<!-- MasterSlider Main -->\n\t\t\t<div id=\"MS69d6981dde445\" class=\"master-slider ms-skin-black-2 round-skin\" >\n\t\t\t\t \t\t\t\t \n\t\t\t\t<div  class=\"ms-slide\" data-delay=\"4\" data-fill-mode=\"fit\"  >\n\t\t\t\t\t<img decoding=\"async\" src=\"https:\/\/boca-elevage.fr\/wp-content\/plugins\/master-slider\/public\/assets\/css\/blank.gif\" alt=\"\" title=\"\" data-src=\"https:\/\/boca-elevage.fr\/wp-content\/uploads\/2021\/03\/DeLaval-logo.jpeg.png\" \/>\n\t<a href=\"https:\/\/www.delaval.com\/fr-fr\/\" target=\"_blank\"    ><\/a>\n\n\n\t<div class=\"ms-thumb\" ><div class=\"ms-tab-context\"><div class=&quot;ms-tab-context&quot;><\/div><\/div>\n<\/div>\n\t\t\t\t<\/div>\n\t\t\t\t<div  class=\"ms-slide\" data-delay=\"3\" data-fill-mode=\"fill\"  >\n\t\t\t\t\t<img decoding=\"async\" src=\"https:\/\/boca-elevage.fr\/wp-content\/plugins\/master-slider\/public\/assets\/css\/blank.gif\" alt=\"\" title=\"\" data-src=\"https:\/\/boca-elevage.fr\/wp-content\/uploads\/2021\/03\/HOLM-LAUE.png\" \/>\n\n\n\t<div class=\"ms-thumb\" ><div class=\"ms-tab-context\"><div class=&quot;ms-tab-context&quot;><\/div><\/div>\n<\/div>\n\t\t\t\t<\/div>\n\t\t\t\t<div  class=\"ms-slide\" data-delay=\"3\" data-fill-mode=\"fill\"  >\n\t\t\t\t\t<img decoding=\"async\" src=\"https:\/\/boca-elevage.fr\/wp-content\/plugins\/master-slider\/public\/assets\/css\/blank.gif\" alt=\"\" title=\"\" data-src=\"https:\/\/boca-elevage.fr\/wp-content\/uploads\/2021\/03\/Jourdain.jpg\" \/>\n\n\n\t<div class=\"ms-thumb\" ><div class=\"ms-tab-context\"><div class=&quot;ms-tab-context&quot;><\/div><\/div>\n<\/div>\n\t\t\t\t<\/div>\n\t\t\t\t<div  class=\"ms-slide\" data-delay=\"3\" data-fill-mode=\"fill\"  >\n\t\t\t\t\t<img decoding=\"async\" src=\"https:\/\/boca-elevage.fr\/wp-content\/plugins\/master-slider\/public\/assets\/css\/blank.gif\" alt=\"\" title=\"\" data-src=\"https:\/\/boca-elevage.fr\/wp-content\/uploads\/2021\/03\/CRD.png\" \/>\n\n\n\t<div class=\"ms-thumb\" ><div class=\"ms-tab-context\"><div class=&quot;ms-tab-context&quot;><\/div><\/div>\n<\/div>\n\t\t\t\t<\/div>\n\t\t\t\t<div  class=\"ms-slide\" data-delay=\"3\" data-fill-mode=\"fill\"  >\n\t\t\t\t\t<img decoding=\"async\" src=\"https:\/\/boca-elevage.fr\/wp-content\/plugins\/master-slider\/public\/assets\/css\/blank.gif\" alt=\"\" title=\"\" data-src=\"https:\/\/boca-elevage.fr\/wp-content\/uploads\/2021\/03\/SUEVIA.gif\" \/>\n\n\n\t<div class=\"ms-thumb\" ><div class=\"ms-tab-context\"><div class=&quot;ms-tab-context&quot;><\/div><\/div>\n<\/div>\n\t\t\t\t<\/div>\n\t\t\t\t<div  class=\"ms-slide\" data-delay=\"3\" data-fill-mode=\"fill\"  >\n\t\t\t\t\t<img decoding=\"async\" src=\"https:\/\/boca-elevage.fr\/wp-content\/plugins\/master-slider\/public\/assets\/css\/blank.gif\" alt=\"\" title=\"\" data-src=\"https:\/\/boca-elevage.fr\/wp-content\/uploads\/2021\/03\/GALEBREAKER.png\" \/>\n\n\n\t<div class=\"ms-thumb\" ><div class=\"ms-tab-context\"><div class=&quot;ms-tab-context&quot;><\/div><\/div>\n<\/div>\n\t\t\t\t<\/div>\n\t\t\t\t<div  class=\"ms-slide\" data-delay=\"3\" data-fill-mode=\"fill\"  >\n\t\t\t\t\t<img decoding=\"async\" src=\"https:\/\/boca-elevage.fr\/wp-content\/plugins\/master-slider\/public\/assets\/css\/blank.gif\" alt=\"\" title=\"\" data-src=\"https:\/\/boca-elevage.fr\/wp-content\/uploads\/2021\/03\/BERGUE.png\" \/>\n\n\n\t<div class=\"ms-thumb\" ><div class=\"ms-tab-context\"><div class=&quot;ms-tab-context&quot;><\/div><\/div>\n<\/div>\n\t\t\t\t<\/div>\n\t\t\t\t<div  class=\"ms-slide\" data-delay=\"3\" data-fill-mode=\"fill\"  >\n\t\t\t\t\t<img decoding=\"async\" src=\"https:\/\/boca-elevage.fr\/wp-content\/plugins\/master-slider\/public\/assets\/css\/blank.gif\" alt=\"\" title=\"\" data-src=\"https:\/\/boca-elevage.fr\/wp-content\/uploads\/2021\/03\/Le-Roy.png\" \/>\n\n\n\t<div class=\"ms-thumb\" ><div class=\"ms-tab-context\"><div class=&quot;ms-tab-context&quot;><\/div><\/div>\n<\/div>\n\t\t\t\t<\/div>\n\t\t\t\t<div  class=\"ms-slide\" data-delay=\"3\" data-fill-mode=\"fill\"  >\n\t\t\t\t\t<img decoding=\"async\" src=\"https:\/\/boca-elevage.fr\/wp-content\/plugins\/master-slider\/public\/assets\/css\/blank.gif\" alt=\"\" title=\"\" data-src=\"https:\/\/boca-elevage.fr\/wp-content\/uploads\/2021\/03\/CHARRIAU.png\" \/>\n\n\n\t<div class=\"ms-thumb\" ><div class=\"ms-tab-context\"><div class=&quot;ms-tab-context&quot;><\/div><\/div>\n<\/div>\n\t\t\t\t<\/div>\n\t\t\t\t<div  class=\"ms-slide\" data-delay=\"3\" data-fill-mode=\"fill\"  >\n\t\t\t\t\t<img decoding=\"async\" src=\"https:\/\/boca-elevage.fr\/wp-content\/plugins\/master-slider\/public\/assets\/css\/blank.gif\" alt=\"\" title=\"\" data-src=\"https:\/\/boca-elevage.fr\/wp-content\/uploads\/2021\/03\/OCENE.png\" \/>\n\n\n\t<div class=\"ms-thumb\" ><div class=\"ms-tab-context\"><div class=&quot;ms-tab-context&quot;><\/div><\/div>\n<\/div>\n\t\t\t\t<\/div>\n\t\t\t\t<div  class=\"ms-slide\" data-delay=\"3\" data-fill-mode=\"fill\"  >\n\t\t\t\t\t<img decoding=\"async\" src=\"https:\/\/boca-elevage.fr\/wp-content\/plugins\/master-slider\/public\/assets\/css\/blank.gif\" alt=\"\" title=\"\" data-src=\"https:\/\/boca-elevage.fr\/wp-content\/uploads\/2021\/03\/HYDROCLEAN.jpg\" \/>\n\n\n\t<div class=\"ms-thumb\" ><div class=\"ms-tab-context\"><div class=&quot;ms-tab-context&quot;><\/div><\/div>\n<\/div>\n\t\t\t\t<\/div>\n\t\t\t\t<div  class=\"ms-slide\" data-delay=\"3\" data-fill-mode=\"fill\"  >\n\t\t\t\t\t<img decoding=\"async\" src=\"https:\/\/boca-elevage.fr\/wp-content\/plugins\/master-slider\/public\/assets\/css\/blank.gif\" alt=\"\" title=\"\" data-src=\"https:\/\/boca-elevage.fr\/wp-content\/uploads\/2021\/03\/logo-visioled-store.png\" \/>\n\n\n\t<div class=\"ms-thumb\" ><div class=\"ms-tab-context\"><div class=&quot;ms-tab-context&quot;><\/div><\/div>\n<\/div>\n\t\t\t\t<\/div>\n\n\t\t\t<\/div>\n\t\t\t<!-- END MasterSlider Main -->\n\n\t\t\t \n\t\t<\/div>\n\t\t<!-- END MasterSlider -->\n\n\t\t<script>\n\t\t(function ( $ ) {\n\t\t\t\"use strict\";\n\n\t\t\t$(function () {\n\t\t\t\tvar masterslider_e445 = new MasterSlider();\n\n\t\t\t\t\/\/ slider controls\n\t\t\t\tmasterslider_e445.control('arrows'     ,{ autohide:true, overVideo:false  });\n\t\t\t\tmasterslider_e445.control('scrollbar'  ,{ autohide:true, overVideo:true, dir:'h', inset:true, align:'top', color:'#141e7f' , margin:10  , width:4 });\n\t\t\t\t\/\/ slider setup\n\t\t\t\tmasterslider_e445.setup(\"MS69d6981dde445\", {\n\t\t\t\t\t\twidth           : 700,\n\t\t\t\t\t\theight          : 300,\n\t\t\t\t\t\tminHeight       : 128,\n\t\t\t\t\t\tspace           : 0,\n\t\t\t\t\t\tstart           : 1,\n\t\t\t\t\t\tgrabCursor      : true,\n\t\t\t\t\t\tswipe           : true,\n\t\t\t\t\t\tmouse           : true,\n\t\t\t\t\t\tlayout          : \"boxed\",\n\t\t\t\t\t\twheel           : false,\n\t\t\t\t\t\tautoplay        : false,\n\t\t\t\t\t\tinstantStartLayers:false,\n\t\t\t\t\t\tloop            : false,\n\t\t\t\t\t\tshuffle         : false,\n\t\t\t\t\t\tpreload         : 0,\n\t\t\t\t\t\theightLimit     : true,\n\t\t\t\t\t\tautoHeight      : true,\n\t\t\t\t\t\tsmoothHeight    : true,\n\t\t\t\t\t\tendPause        : false,\n\t\t\t\t\t\toverPause       : true,\n\t\t\t\t\t\tfillMode        : \"fill\",\n\t\t\t\t\t\tcenterControls  : false,\n\t\t\t\t\t\tstartOnAppear   : false,\n\t\t\t\t\t\tlayersMode      : \"center\",\n\t\t\t\t\t\thideLayers      : false,\n\t\t\t\t\t\tfullscreenMargin: 0,\n\t\t\t\t\t\tspeed           : 20,\n\t\t\t\t\t\tdir             : \"h\",\n\t\t\t\t\t\tparallaxMode    : 'swipe',\n\t\t\t\t\t\tview            : \"basic\"\n\t\t\t\t});\n\n\t\t\t\t\n\t\t\t\twindow.masterslider_instances = window.masterslider_instances || [];\n\t\t\t\twindow.masterslider_instances.push( masterslider_e445 );\n\t\t\t });\n\n\t\t})(jQuery);\n\t\t<\/script>\n\n\n<\/div><\/div>\n\n\n\n<p><\/p>\n","protected":false},"excerpt":{"rendered":"<p>.<\/p>\n","protected":false},"author":1,"featured_media":0,"parent":0,"menu_order":0,"comment_status":"closed","ping_status":"closed","template":"","meta":{"_monsterinsights_skip_tracking":false,"_monsterinsights_sitenote_active":false,"_monsterinsights_sitenote_note":"","_monsterinsights_sitenote_category":0,"neve_meta_sidebar":"","neve_meta_container":"","neve_meta_enable_content_width":"on","neve_meta_content_width":100,"neve_meta_title_alignment":"","neve_meta_author_avatar":"","neve_post_elements_order":"","neve_meta_disable_header":"","neve_meta_disable_footer":"","neve_meta_disable_title":"on","footnotes":""},"class_list":["post-41","page","type-page","status-publish","hentry"],"yoast_head":"<!-- This site is optimized with the Yoast SEO plugin v22.8 - https:\/\/yoast.com\/wordpress\/plugins\/seo\/ -->\n<title>BOCA ELEVAGE SERVICE - Concession DeLaval<\/title>\n<meta name=\"description\" content=\"BOCA ELEVAGE SERVICE est une concession DeLaval proposant du mat\u00e9riel d&#039;\u00e9levage. Cette soci\u00e9t\u00e9 am\u00e9liore la production laiti\u00e8re du secteur.\" \/>\n<meta name=\"robots\" content=\"index, follow, max-snippet:-1, max-image-preview:large, max-video-preview:-1\" \/>\n<link rel=\"canonical\" href=\"https:\/\/boca-elevage.fr\/\" \/>\n<meta property=\"og:locale\" content=\"fr_FR\" \/>\n<meta property=\"og:type\" content=\"article\" \/>\n<meta property=\"og:title\" content=\"BOCA ELEVAGE SERVICE - Concession DeLaval\" \/>\n<meta property=\"og:description\" content=\"BOCA ELEVAGE SERVICE est une concession DeLaval proposant du mat\u00e9riel d&#039;\u00e9levage. Cette soci\u00e9t\u00e9 am\u00e9liore la production laiti\u00e8re du secteur.\" \/>\n<meta property=\"og:url\" content=\"https:\/\/boca-elevage.fr\/\" \/>\n<meta property=\"og:site_name\" content=\"BOCA ELEVAGE SERVICE - Concession DeLaval\" \/>\n<meta property=\"article:modified_time\" content=\"2024-04-15T10:09:10+00:00\" \/>\n<meta property=\"og:image\" content=\"http:\/\/s825862293.onlinehome.fr\/wp-content\/uploads\/2021\/03\/entree-scaled.jpg\" \/>\n<meta name=\"twitter:card\" content=\"summary_large_image\" \/>\n<meta name=\"twitter:label1\" content=\"Dur\u00e9e de lecture estim\u00e9e\" \/>\n\t<meta name=\"twitter:data1\" content=\"1 minute\" \/>\n<script type=\"application\/ld+json\" class=\"yoast-schema-graph\">{\"@context\":\"https:\/\/schema.org\",\"@graph\":[{\"@type\":\"WebPage\",\"@id\":\"https:\/\/boca-elevage.fr\/\",\"url\":\"https:\/\/boca-elevage.fr\/\",\"name\":\"BOCA ELEVAGE SERVICE - Concession DeLaval\",\"isPartOf\":{\"@id\":\"https:\/\/boca-elevage.fr\/#website\"},\"primaryImageOfPage\":{\"@id\":\"https:\/\/boca-elevage.fr\/#primaryimage\"},\"image\":{\"@id\":\"https:\/\/boca-elevage.fr\/#primaryimage\"},\"thumbnailUrl\":\"http:\/\/s825862293.onlinehome.fr\/wp-content\/uploads\/2021\/03\/entree-scaled.jpg\",\"datePublished\":\"2021-02-26T07:51:56+00:00\",\"dateModified\":\"2024-04-15T10:09:10+00:00\",\"description\":\"BOCA ELEVAGE SERVICE est une concession DeLaval proposant du mat\u00e9riel d'\u00e9levage. Cette soci\u00e9t\u00e9 am\u00e9liore la production laiti\u00e8re du secteur.\",\"breadcrumb\":{\"@id\":\"https:\/\/boca-elevage.fr\/#breadcrumb\"},\"inLanguage\":\"fr-FR\",\"potentialAction\":[{\"@type\":\"ReadAction\",\"target\":[\"https:\/\/boca-elevage.fr\/\"]}]},{\"@type\":\"ImageObject\",\"inLanguage\":\"fr-FR\",\"@id\":\"https:\/\/boca-elevage.fr\/#primaryimage\",\"url\":\"http:\/\/s825862293.onlinehome.fr\/wp-content\/uploads\/2021\/03\/entree-scaled.jpg\",\"contentUrl\":\"http:\/\/s825862293.onlinehome.fr\/wp-content\/uploads\/2021\/03\/entree-scaled.jpg\"},{\"@type\":\"BreadcrumbList\",\"@id\":\"https:\/\/boca-elevage.fr\/#breadcrumb\",\"itemListElement\":[{\"@type\":\"ListItem\",\"position\":1,\"name\":\"Accueil\",\"item\":\"https:\/\/boca-elevage.fr\/\"},{\"@type\":\"ListItem\",\"position\":2,\"name\":\"Accueil\"}]},{\"@type\":\"WebSite\",\"@id\":\"https:\/\/boca-elevage.fr\/#website\",\"url\":\"https:\/\/boca-elevage.fr\/\",\"name\":\"BOCA ELEVAGE SERVICE - Concession DeLaval\",\"description\":\"\",\"publisher\":{\"@id\":\"https:\/\/boca-elevage.fr\/#organization\"},\"potentialAction\":[{\"@type\":\"SearchAction\",\"target\":{\"@type\":\"EntryPoint\",\"urlTemplate\":\"https:\/\/boca-elevage.fr\/?s={search_term_string}\"},\"query-input\":\"required name=search_term_string\"}],\"inLanguage\":\"fr-FR\"},{\"@type\":\"Organization\",\"@id\":\"https:\/\/boca-elevage.fr\/#organization\",\"name\":\"BOCA ELEVAGE SERVICE - Concession DeLaval\",\"url\":\"https:\/\/boca-elevage.fr\/\",\"logo\":{\"@type\":\"ImageObject\",\"inLanguage\":\"fr-FR\",\"@id\":\"https:\/\/boca-elevage.fr\/#\/schema\/logo\/image\/\",\"url\":\"https:\/\/boca-elevage.fr\/wp-content\/uploads\/2021\/03\/cropped-logo-final-12-sur-blanc.png\",\"contentUrl\":\"https:\/\/boca-elevage.fr\/wp-content\/uploads\/2021\/03\/cropped-logo-final-12-sur-blanc.png\",\"width\":1152,\"height\":580,\"caption\":\"BOCA ELEVAGE SERVICE - Concession DeLaval\"},\"image\":{\"@id\":\"https:\/\/boca-elevage.fr\/#\/schema\/logo\/image\/\"}}]}<\/script>\n<!-- \/ Yoast SEO plugin. -->","yoast_head_json":{"title":"BOCA ELEVAGE SERVICE - Concession DeLaval","description":"BOCA ELEVAGE SERVICE est une concession DeLaval proposant du mat\u00e9riel d'\u00e9levage. Cette soci\u00e9t\u00e9 am\u00e9liore la production laiti\u00e8re du secteur.","robots":{"index":"index","follow":"follow","max-snippet":"max-snippet:-1","max-image-preview":"max-image-preview:large","max-video-preview":"max-video-preview:-1"},"canonical":"https:\/\/boca-elevage.fr\/","og_locale":"fr_FR","og_type":"article","og_title":"BOCA ELEVAGE SERVICE - Concession DeLaval","og_description":"BOCA ELEVAGE SERVICE est une concession DeLaval proposant du mat\u00e9riel d'\u00e9levage. Cette soci\u00e9t\u00e9 am\u00e9liore la production laiti\u00e8re du secteur.","og_url":"https:\/\/boca-elevage.fr\/","og_site_name":"BOCA ELEVAGE SERVICE - Concession DeLaval","article_modified_time":"2024-04-15T10:09:10+00:00","og_image":[{"url":"http:\/\/s825862293.onlinehome.fr\/wp-content\/uploads\/2021\/03\/entree-scaled.jpg"}],"twitter_card":"summary_large_image","twitter_misc":{"Dur\u00e9e de lecture estim\u00e9e":"1 minute"},"schema":{"@context":"https:\/\/schema.org","@graph":[{"@type":"WebPage","@id":"https:\/\/boca-elevage.fr\/","url":"https:\/\/boca-elevage.fr\/","name":"BOCA ELEVAGE SERVICE - Concession DeLaval","isPartOf":{"@id":"https:\/\/boca-elevage.fr\/#website"},"primaryImageOfPage":{"@id":"https:\/\/boca-elevage.fr\/#primaryimage"},"image":{"@id":"https:\/\/boca-elevage.fr\/#primaryimage"},"thumbnailUrl":"http:\/\/s825862293.onlinehome.fr\/wp-content\/uploads\/2021\/03\/entree-scaled.jpg","datePublished":"2021-02-26T07:51:56+00:00","dateModified":"2024-04-15T10:09:10+00:00","description":"BOCA ELEVAGE SERVICE est une concession DeLaval proposant du mat\u00e9riel d'\u00e9levage. Cette soci\u00e9t\u00e9 am\u00e9liore la production laiti\u00e8re du secteur.","breadcrumb":{"@id":"https:\/\/boca-elevage.fr\/#breadcrumb"},"inLanguage":"fr-FR","potentialAction":[{"@type":"ReadAction","target":["https:\/\/boca-elevage.fr\/"]}]},{"@type":"ImageObject","inLanguage":"fr-FR","@id":"https:\/\/boca-elevage.fr\/#primaryimage","url":"http:\/\/s825862293.onlinehome.fr\/wp-content\/uploads\/2021\/03\/entree-scaled.jpg","contentUrl":"http:\/\/s825862293.onlinehome.fr\/wp-content\/uploads\/2021\/03\/entree-scaled.jpg"},{"@type":"BreadcrumbList","@id":"https:\/\/boca-elevage.fr\/#breadcrumb","itemListElement":[{"@type":"ListItem","position":1,"name":"Accueil","item":"https:\/\/boca-elevage.fr\/"},{"@type":"ListItem","position":2,"name":"Accueil"}]},{"@type":"WebSite","@id":"https:\/\/boca-elevage.fr\/#website","url":"https:\/\/boca-elevage.fr\/","name":"BOCA ELEVAGE SERVICE - Concession DeLaval","description":"","publisher":{"@id":"https:\/\/boca-elevage.fr\/#organization"},"potentialAction":[{"@type":"SearchAction","target":{"@type":"EntryPoint","urlTemplate":"https:\/\/boca-elevage.fr\/?s={search_term_string}"},"query-input":"required name=search_term_string"}],"inLanguage":"fr-FR"},{"@type":"Organization","@id":"https:\/\/boca-elevage.fr\/#organization","name":"BOCA ELEVAGE SERVICE - Concession DeLaval","url":"https:\/\/boca-elevage.fr\/","logo":{"@type":"ImageObject","inLanguage":"fr-FR","@id":"https:\/\/boca-elevage.fr\/#\/schema\/logo\/image\/","url":"https:\/\/boca-elevage.fr\/wp-content\/uploads\/2021\/03\/cropped-logo-final-12-sur-blanc.png","contentUrl":"https:\/\/boca-elevage.fr\/wp-content\/uploads\/2021\/03\/cropped-logo-final-12-sur-blanc.png","width":1152,"height":580,"caption":"BOCA ELEVAGE SERVICE - Concession DeLaval"},"image":{"@id":"https:\/\/boca-elevage.fr\/#\/schema\/logo\/image\/"}}]}},"_links":{"self":[{"href":"https:\/\/boca-elevage.fr\/index.php?rest_route=\/wp\/v2\/pages\/41","targetHints":{"allow":["GET"]}}],"collection":[{"href":"https:\/\/boca-elevage.fr\/index.php?rest_route=\/wp\/v2\/pages"}],"about":[{"href":"https:\/\/boca-elevage.fr\/index.php?rest_route=\/wp\/v2\/types\/page"}],"author":[{"embeddable":true,"href":"https:\/\/boca-elevage.fr\/index.php?rest_route=\/wp\/v2\/users\/1"}],"replies":[{"embeddable":true,"href":"https:\/\/boca-elevage.fr\/index.php?rest_route=%2Fwp%2Fv2%2Fcomments&post=41"}],"version-history":[{"count":91,"href":"https:\/\/boca-elevage.fr\/index.php?rest_route=\/wp\/v2\/pages\/41\/revisions"}],"predecessor-version":[{"id":478,"href":"https:\/\/boca-elevage.fr\/index.php?rest_route=\/wp\/v2\/pages\/41\/revisions\/478"}],"wp:attachment":[{"href":"https:\/\/boca-elevage.fr\/index.php?rest_route=%2Fwp%2Fv2%2Fmedia&parent=41"}],"curies":[{"name":"wp","href":"https:\/\/api.w.org\/{rel}","templated":true}]}}